ite?
False
Is 407362117 a composite number?
False
Is 212593826779 a composite number?
True
Is 4902555793 a prime number?
False
Is 12563999311 a composite number?
True
Is 49817261693 a composite number?
True
Is 88809899 a composite number?
False
Is 325206673633 a prime number?
True
Is 19289151169 prime?
True
Is 2719700041 a composite number?
False
Is 69055649243 a prime number?
False
Is 79032687 a prime number?
False
Is 22244514641 a composite number?
True
Is 1448616493 prime?
True
Is 25083125374 a prime number?
False
Is 16960979 a composite number?
True
Is 595830337 a composite number?
False
Is 13345553 a composite number?
True
Is 13979673317 prime?
False
Is 2157068503 prime?
True
Is 2777650367 composite?
False
Is 134951287 a prime number?
False
Is 1857933413 prime?
False
Is 16351196665 a composite number?
True
Is 473653277 composite?
False
Is 314684673583 composite?
True
Is 18278059853 prime?
False
Is 14954141071 prime?
True
Is 156703385611 a composite number?
True
Is 394483777 a composite number?
False
Is 2290957421 prime?
False
Is 419571377 composite?
False
Is 12583095137 a prime number?
True
Is 2840905967 a prime number?
False
Is 76748069 prime?
False
Is 26462273951 prime?
True
Is 111293293817 a prime number?
False
Is 402899149 composite?
True
Is 25781807191 prime?
False
Is 2464453606 prime?
False
Is 132097051 composite?
False
Is 12206922257 a prime number?
False
Is 1548667117 a composite number?
False
Is 3021044647 a prime number?
True
Is 1800175529 a composite number?
True
Is 11803002173 composite?
False
Is 236414459 composite?
True
Is 33073786079 composite?
False
Is 4273083781 a prime number?
True
Is 1305104239 prime?
True
Is 162606603 prime?
False
Is 655800151 prime?
True
Is 946191914 composite?
True
Is 17012149915 a prime number?
False
Is 2325290057 prime?
False
Is 1046605666 prime?
False
Is 158326451681 a prime number?
False
Is 2058984827 prime?
True
Is 52767713 a prime number?
True
Is 308036903 a composite number?
False
Is 3779560843 a composite number?
True
Is 1632303895 a prime number?
False
Is 4949040121 a prime number?
False
Is 166482607 a composite number?
False
Is 699160997 a prime number?
True
Is 1344152423 prime?
True
Is 44996459227 prime?
True
Is 3550180453 composite?
False
Is 105274951 a prime number?
True
Is 1033511433 prime?
False
Is 63943387 a composite number?
True
Is 2444043583 composite?
False
Is 740669653 composite?
True
Is 948654769 prime?
True
Is 5761641277 composite?
True
Is 20853107513 a prime number?
False
Is 2939484799 a composite number?
True
Is 287170501 prime?
False
Is 28819962359 prime?
True
Is 4739998937 prime?
False
Is 1053873341 prime?
False
Is 458912483 a composite number?
True
Is 284884109 prime?
False
Is 1646265991 a prime number?
True
Is 3278173 prime?
True
Is 353894699 composite?
True
Is 1409777781 composite?
True
Is 1011672713 composite?
False
Is 28646349493 composite?
False
Is 38756966207 composite?
False
Is 1058814709 prime?
False
Is 12795429263 prime?
True
Is 3489659231 prime?
False
Is 3402187967 a prime number?
False
Is 509443117 composite?
False
Is 398386291 a prime number?
True
Is 25496578823 composite?
False
Is 209692097 composite?
False
Is 13214603879 composite?
True
Is 19822429103 a composite number?
False
Is 783124031 prime?
True
Is 176906531 a composite number?
False
Is 3700485037 a composite number?
True
Is 15216086 prime?
False
Is 461278781 prime?
False
Is 579796517 a composite number?
False
Is 2362179497 composite?
False
Is 1183598638 prime?
False
Is 99497089 a composite number?
True
Is 617336641 prime?
True
Is 223542214355 a composite number?
True
Is 3960693227 composite?
True
Is 12246539557 a prime number?
False
Is 43614891323 composite?
True
Is 27870921137 a prime number?
True
Is 10276102099 a composite number?
False
Is 6821945969 a composite number?
False
Is 18644650093 composite?
False
Is 83625485557 prime?
False
Is 4636381261 a prime number?
True
Is 5925760309 a prime number?
False
Is 66848377003 a prime number?
True
Is 11154019 composite?
False
Is 1542339203 prime?
True
Is 84241100929 a prime number?
True
Is 2199900341 a composite number?
False
Is 692440109 a prime number?
False
Is 11022519 a composite number?
True
Is 1170636749 a prime number?
False
Is 1971039703 prime?
True
Is 3454674277 a composite number?
False
Is 300396893 a composite number?
False
Is 8378313257 prime?
True
Is 9387206219 a composite number?
True
Is 280623334363 a prime number?
False
Is 96444479 a composite number?
False
Is 3016652881 composite?
True
Is 1215114793 a composite number?
True
Is 156093583 a composite number?
True
Is 2030086939 a composite number?
True
Is 5889519059 composite?
False
Is 507696097 a composite number?
False
Is 564891433 composite?
False
Is 3505172981 a prime number?
False
Is 44189523449 a composite number?
False
Is 706085561 a prime number?
False
Is 207260653 composite?
False
Is 143894291 a composite number?
False
Is 56755903 composite?
True
Is 72837367 composite?
True
Is 730160161 a prime number?
False
Is 48017088023 prime?
True
Is 24174967727 composite?
True
Is 2761132303 prime?
True
Is 39399435797 composite?
True
Is 40458631 a prime number?
True
Is 6060163747 prime?
False
Is 2221461673 prime?
False
Is 317811449 composite?
True
Is 3962254151 composite?
False
Is 1758144073 a composite number?
True
Is 17848703 a composite number?
False
Is 578276903 a composite number?
False
Is 36467239 prime?
False
Is 28277243 a prime number?
True
Is 18587416411 composite?
True
Is 4889290169 a composite number?
True
Is 16327343 composite?
False
Is 7448005309 a composite number?
True
Is 31819043 prime?
True
Is 2157512249 prime?
False
Is 2915737679 a composite number?
True
Is 10303472401 a prime number?
True
Is 186854870249 a prime number?
True
Is 77194751 a prime number?
False
Is 31988893199 a prime number?
False
Is 3786626803 composite?
True
Is 2111023911 a prime number?
False
Is 144652951777 a prime number?
True
Is 61847169391 a composite number?
True
Is 552021289 composite?
False
Is 105872801 composite?
False
Is 1882497931 a composite number?
False
Is 2702773 composite?
False
Is 4365183503 prime?
True
Is 12307499 a composite number?
False
Is 127431823 prime?
True
Is 453954433 prime?
True
Is 8691218897 a prime number?
False
Is 320399279 a prime number?
False
Is 30975581881 composite?
True
Is 34080663119 composite?
False
Is 17652007801 composite?
True
Is 404472707 prime?
False
Is 4246721569 a composite number?
True
Is 5040943063 a prime number?
False
Is 15903244102 composite?
True
Is 23517471247 prime?
False
Is 9535261147 a prime number?
True
Is 6519468581 composite?
False
Is 2106943831 composite?
True
Is 60048913003 a composite number?
False
Is 5352588547 prime?
False
Is 1478250537 composite?
True
Is 2362573729 a composite number?
False
Is 6358319551 a composite number?
True
Is 655127894 prime?
False
Is 1691819593 a composite number?
False
Is 1471501457 prime?
True
Is 1835419979 prime?
False
Is 19892482889 composite?
True
Is 3546007151 a composite number?
False
Is 546816307 composite?
True
Is 10602283567 prime?
True
Is 317817749 prime?
False
Is 58697884439 prime?
True
Is 18852869921 prime?
False
Is 120360438607 composite?
False
Is 1475971421 a composite number?
False
Is 1788449161 a composite number?
True
Is 3224746807 composite?
False
Is 188273131289 a prime number?
False
Is 34741961 a prime number?
True
Is 2282771297 a prime number?
True
Is 5276714987 prime?
False
Is 13758131633 a composite number?
True
Is 449211419 composite?
True
Is 2770079639 prime?
True
Is 2345381669 prime?
True
Is 551076499 prime?
True
Is 72412681774 a composite number?
True
Is 144044457581 prime?
True
Is 2720803793 a prime number?
True
Is 445655227 composite?
True
Is 95355280018 composite?
True
Is 5838474601 composite?
True
Is 26605995895 prime?
False
Is 12258070043 a prime number?
False
Is 778080521 prime?
True
Is 1279693057 a prime number?
True
Is 628933633 a composite number?
False
Is 4650888247 a prime number?
True
Is 586116629 a prime number?
False
Is 127390895167 prime?
True
Is 10461282001 prime?
True
Is 17993183987 composite?
False
Is 98758351 prime?
False
Is 2689646163 composite?
True
Is 6327271777 prime?
True
Is 2349296581 composite?
False
Is 19175352499 a prime number?
False
Is 649459749 a prime number?
Fal